3.
7c
Convert 53376 (base 10) to base 9.
81186
-8563 (base 12) to base 16
-391b
Convert 1220120 (base 4) to base 16.
1a18
What is 2220 (base 3) in base 9?
86
What is -1bcd (base 14) in base 12?
-2b35
Convert -330244 (base 5) to base 15.
-354e
What is -1132 (base 6) in base 11?
-228
Convert -128b (base 12) to base 4.
-201023
Convert -ab4 (base 15) to base 13.
-1141
Convert -2cc1 (base 16) to base 2.
-10110011000001
What is 539 (base 14) in base 8?
2007
-2092 (base 11) to base 6
-20443
-a90d (base 14) to base 13
-103b6
72 (base 12) to base 10
86
Convert -1206 (base 7) to base 5.
-3242
Convert 22113 (base 4) to base 15.
2e3
-16141 (base 7) to base 10
-4537
Convert -1001000011001 (base 2) to base 15.
-158d
Convert 4c0a (base 16) to base 12.
b322
-1100000100 (base 2) to base 14
-3d2
Convert -345 (base 11) to base 2.
-110011100
Convert -637 (base 9) to base 14.
-292
-43b2 (base 14) to base 9
-17062
Convert -23652 (base 8) to base 16.
-27aa
What is 1120 (base 3) in base 12?
36
Convert -133a (base 14) to base 12.
-1b60
What is 2220100 (base 3) in base 7?
6111
-11442 (base 6) to base 10
-1682
276b (base 15) to base 5
232201
20101 (base 3) to base 15
b7
342 (base 8) to base 14
122
-505 (base 11) to base 13
-37c
Convert 211012 (base 3) to base 6.
2435
Convert -3a36 (base 15) to base 6.
-133310
Convert -1840 (base 15) to base 4.
-1101303
Convert 20202122 (base 3) to base 9.
6678
Convert 111020 (base 4) to base 9.
1762
130a (base 12) to base 13
cac
What is 14860 (base 12) in base 9?
43540
Convert 205 (base 11) to base 8.
367
Convert -1344 (base 7) to base 5.
-4042
Convert -16045 (base 8) to base 6.
-53205
Convert 3a40 (base 16) to base 13.
6a31
Convert -8a1 (base 11) to base 13.
-650
Convert -102321 (base 5) to base 10.
-3461
Convert 1335 (base 11) to base 13.
a33
Convert b3 (base 16) to base 11.
153
3226 (base 11) to base 5
114023
Convert 1186 (base 10) to base 5.
14221
What is -1650 (base 8) in base 14?
-4ac
What is 356 (base 10) in base 14?
1b6
Convert -12dd (base 14) to base 12.
-1b17
26554 (base 8) to base 15
36a3
Convert 445 (base 8) to base 12.
205
What is -326b (base 13) in base 16?
-1b6a
Convert 11a0 (base 11) to base 4.
120122
22122 (base 4) to base 2
1010011010
Convert -363 (base 11) to base 9.
-530
What is -12300 (base 4) in base 13?
-273
Convert -35254 (base 9) to base 10.
-23539
c1c7 (base 16) to base 8
140707
What is 1783 (base 10) in base 15?
7dd
What is -9685 (base 10) in base 16?
-25d5
Convert -7861 (base 10) to base 12.
-4671
223303 (base 5) to base 4
1330101
Convert 43112 (base 5) to base 11.
2203
346 (base 7) to base 14
cd
1010010110101 (base 2) to base 9
7240
-12b (base 14) to base 10
-235
What is -368 (base 16) in base 3?
-1012022
Convert -32420 (base 5) to base 8.
-4273
Convert 799 (base 10) to base 15.
384
Convert -20489 (base 11) to base 2.
-111010010100111
What is 34152 (base 8) in base 5?
430232
What is 1002001 (base 3) in base 7?
2200
What is -227 (base 13) in base 16?
-173
What is -20122 (base 3) in base 10?
-179
Convert 280 (base 16) to base 10.
640
-32002 (base 4) to base 5
-12043
Convert 201112 (base 4) to base 3.
2221001
What is 1241 (base 10) in base 3?
1200222
Convert -1510 (base 7) to base 11.
-4a1
Convert 9312 (base 11) to base 9.
17847
What is 6882 (base 9) in base 11?
3913
Convert -833 (base 9) to base 7.
-1656
-2c7 (base 15) to base 7
-1600
Convert -273 (base 12) to base 6.
-1423
Convert 5a8a (base 11) to base 16.
1f1b
Convert 365d (base 14) to base 13.
4421
7052 (base 10) to base 16
1b8c
Convert -2b3c (base 14) to base 12.
-4556
Convert -5969 (base 11) to base 12.
-4637
103107 (base 8) to base 4
20121013
-192 (base 15) to base 4
-11222
Convert 29 (base 12) to base 7.
45
Convert -530103 (base 6) to base 11.
-2a186
What is 112001 (base 3) in base 2?
101111011
What is -101232 (base 4) in base 14?
-5b0
Convert 4d7 (base 16) to base 11.
a27
Convert -7895 (base 10) to base 13.
-3794
Convert -1261 (base 8) to base 12.
-495
Convert -221100012 (base 3) to base 13.
-8540
-94 (base 10) to base 12
-7a
Convert 337 (base 12) to base 2.
111011011
Convert 1eaa (base 16) to base 3.
101202202
3b86 (base 12) to base 3
100102110
What is 2131 (base 6) in base 2?
111100111
What is 262 (base 14) in base 2?
111011110
What is -61 (base 11) in base 14?
-4b
Convert -1143231 (base 5) to base 8.
-52273
Convert -1323010 (base 4) to base 5.
-223001
-25322 (base 6) to base 10
-3794
-2210 (base 4) to base 7
-323
1211002 (base 4) to base 16
1942
What is 2134 (base 5) in base 16?
126
-2431 (base 5) to base 3
-111120
Convert 202201 (base 3) to base 9.
681
-146ec (base 15) to base 8
-200241
Convert -19491 (base 12) to base 4.
-21001231
Convert -82c (base 14) to base 10.
-1608
-104506 (base 9) to base 3
-10011120020
Convert -10020020 (base 3) to base 7.
-6603
Convert 81161 (base 9) to base 6.
1051001
-1140311 (base 6) to base 12
-2a697
Convert 11010000111011 (base 2) to base 4.
3100323
-73662 (base 8) to base 15
-912c
489 (base 10) to base 9
603
Convert a9c (base 13) to base 6.
12231
Convert -12d90 (base 15) to base 13.
-2167b
What is -4b22 (base 13) in base 11?
-8025
Convert 34 (base 8) to base 15.
1d
What is 313120 (base 4) in base 9?
4767
-6994 (base 15) to base 11
-15927
Convert -302 (base 9) to base 14.
-137
-13a23 (base 15) to base 12
-30589
Convert 102541 (base 6) to base 10.
8413
248 (base 13) to base 8
616
-30242 (base 5) to base 7
-5451
3152 (base 13) to base 14
26b9
-140 (base 11) to base 5
-1130
Convert -10233 (base 4) to base 6.
-1223
5123 (base 8) to base 9
3556
What is 42610 (base 8) in base 12?
a374
Convert -525 (base 9) to base 8.
-654
14420 (base 11) to base 7
113453
What is bed (base 15) in base 8?
5212
What is 1001101010 (base 2) in base 9?
756
What is -10010011000000 (base 2) in base 4?
-2103000
Convert -ab0b (base 13) to base 5.
-1230330
-419 (base 12) to base 11
-4a3
Convert 50d (base 14) to base 12.
6a9
Convert -101100 (base 3) to base 9.
-340
4014 (base 5) to base 9
625
What is 3587 (base 11) in base 2?
1001001010101
What is -302300 (base 4) in base 16?
-cb0
Convert 18f (base 16) to base 11.
333
What is -6182 (base 12) in base 16?
-2972
-36d9 (base 14) to base 4
-2111333
208a (base 12) to base 4
313222
What is 2188 (base 12) in base 14?
14c8
-106 (base 11) to base 16
-7f
13105 (base 14) to base 4
23130001
What is -1c404 (base 13) in base 10?
-55605
Convert -154 (base 13) to base 11.
-1a7
-2101000221 (base 3) to base 15
-dc71
2111121 (base 3) to base 10
1825
What is -f6d (base 16) in base 2?
-111101101101
Convert 4a (base 16) to base 9.
82
Convert -10101010011 (base 2) to base 5.
-20423
Convert 229 (base 10) to base 8.
345
140252 (base 6) to base 9
18825
What is 410 (base 9) in base 5?
2313
What is -10011100 (base 2) in base 3?
-12210
Convert -49 (base 16) to base 7.
-133
17ab (base 12) to base 9
3835
-33cc (base 15) to base 5
-322432
516c (base 16) to base 4
11011230
Convert 18f (base 16) to base 3.
112210
What is 415 (base 6) in base 11?
131
Convert 446 (base 9) to base 15.
196
What is -134341 (base 7) in base 14?
-9458
What is 141 (base 10) in base 3?
12020
421 (base 6) to base 3
12211
483 (base 9) to base 6
1503
Convert -352034 (base 6) to base 4.
-13120312
-40 (base 11) to base 9
-48
-19842 (base 12) to base 5
-2144430
10565 (base 10) to base 5
314230
Convert 320 (base 8) to base 5.
1313
What is -232 (base 6) in base 2?
-1011100
What is -1001100 (base 2) in base 16?
-4c
What is -33121 (base 4) in base 8?
-1731
Convert 12120100 (base 3) to base 16.
fdb
-2101001 (base 3) to base 12
-1001
What is -9d2 (base 14) in base 3?
-2200011
What is -702 (base 14) in base 5?
-20444
14a42 (base 11) to base 15
644b
What is 438 (base 15) in base 7?
2531
What is 323 (base 10) in base 4?
11003
-165 (base 11) to base 15
-cc
-2250 (base 10) to base 7
-6363
What is -5401 (base 12) in base 10?
-9217
-11541 (base 8) to base 6
-34545
What is -351 (base 14) in base 6?
-3015
2a70 (base 12) to base 4
1031310
What is -232043 (base 5) in base 7?
-33325
What is -13010322 (base 4) in base 10?
-28986
What is 17865 (base 9) in base 16?
3053
462 (base 8) to base 13
1a7
Convert 331112 (base 4) to base 3.
12101102
Convert d6e (base 15) to base 14.
1165
Convert 727 (base 10) to base 12.
507
Convert 6a3 (base 16) to base 13.
a09
What is -13035 (base 6) in b